mmon factor of 168 and 1932?
84
What is the highest common factor of 2376 and 6138?
198
Calculate the greatest common divisor of 3531 and 11.
11
Calculate the highest common divisor of 408 and 391.
17
Calculate the highest common divisor of 36 and 21348.
36
Calculate the greatest common factor of 17 and 391.
17
What is the highest common divisor of 1687 and 7?
7
What is the greatest common divisor of 3211 and 26?
13
What is the highest common divisor of 6493 and 43?
43
Calculate the highest common factor of 4891 and 201.
67
Calculate the greatest common factor of 60164 and 178.
178
What is the highest common divisor of 154 and 14?
14
Calculate the highest common divisor of 196 and 14.
14
Calculate the greatest common factor of 32 and 100.
4
What is the highest common divisor of 798 and 56?
14
What is the greatest common divisor of 1455 and 15?
15
What is the highest common divisor of 3645 and 15?
15
What is the highest common factor of 345 and 1955?
115
What is the greatest common factor of 49 and 1225?
49
What is the highest common divisor of 6766 and 1194?
398
Calculate the greatest common divisor of 143 and 99.
11
Calculate the greatest common factor of 1638 and 156.
78
What is the highest common divisor of 20 and 1660?
20
Calculate the highest common factor of 4 and 4.
4
What is the greatest common divisor of 18 and 66?
6
What is the greatest common divisor of 8362 and 74?
74
What is the highest common factor of 44 and 42?
2
What is the greatest common divisor of 2299 and 242?
121
Calculate the highest common factor of 279 and 9858.
93
What is the highest common factor of 192 and 1200?
48
Calculate the greatest common divisor of 9216 and 3168.
288
Calculate the greatest common divisor of 5792 and 3077.
181
What is the greatest common divisor of 18 and 234?
18
What is the greatest common divisor of 36 and 1377?
9
What is the highest common divisor of 837 and 324?
27
What is the greatest common divisor of 17 and 1003?
17
Calculate the greatest common divisor of 14 and 161.
7
Calculate the greatest common factor of 20 and 176.
4
Calculate the greatest common divisor of 96433 and 73.
73
What is the highest common factor of 975 and 100?
25
Calculate the greatest common divisor of 542 and 2.
2
What is the highest common divisor of 1173 and 102?
51
Calculate the greatest common factor of 306 and 54.
18
Calculate the highest common divisor of 3288 and 48.
24
What is the greatest common factor of 710 and 5?
5
Calculate the greatest common divisor of 56 and 24052.
28
Calculate the greatest common divisor of 182 and 42.
14
What is the highest common factor of 143 and 1378?
13
What is the highest common divisor of 6150 and 450?
150
Calculate the greatest common divisor of 10 and 90620.
10
What is the greatest common divisor of 684 and 171?
171
Calculate the highest common divisor of 20 and 36.
4
Calculate the highest common divisor of 259 and 185.
37
Calculate the greatest common divisor of 999 and 37.
37
Calculate the greatest common divisor of 492 and 12.
12
Calculate the greatest common divisor of 112 and 128.
16
What is the greatest common factor of 2885 and 5?
5
Calculate the greatest common divisor of 585 and 27.
9
What is the greatest common divisor of 72 and 1968?
24
What is the highest common factor of 9 and 621?
9
What is the greatest common factor of 399 and 114?
57
What is the greatest common divisor of 2907 and 855?
171
What is the highest common factor of 4929 and 651?
93
What is the greatest common factor of 1083 and 57?
57
Calculate the highest common divisor of 1010 and 80.
10
Calculate the greatest common divisor of 18 and 4383.
9
Calculate the greatest common divisor of 108 and 24.
12
What is the highest common factor of 144 and 1392?
48
Calculate the greatest common factor of 153 and 324.
9
What is the highest common divisor of 20 and 8?
4
What is the greatest common divisor of 62 and 10354?
62
What is the highest common factor of 114 and 513?
57
What is the greatest common divisor of 18 and 2?
2
Calculate the greatest common factor of 4841 and 47.
47
Calculate the greatest common divisor of 5285 and 70.
35
Calculate the greatest common divisor of 136 and 9384.
136
Calculate the highest common factor of 64 and 32.
32
What is the highest common divisor of 18 and 2358?
18
Calculate the greatest common factor of 24 and 333.
3
Calculate the greatest common divisor of 7 and 21.
7
What is the greatest common divisor of 126 and 819?
63
What is the highest common factor of 1 and 79?
1
Calculate the highest common divisor of 990 and 2354.
22
What is the highest common divisor of 83 and 13861?
83
What is the highest common factor of 41 and 19680?
41
Calculate the greatest common factor of 1348 and 4.
4
What is the highest common factor of 18 and 390?
6
Calculate the greatest common divisor of 10 and 1255.
5
Calculate the highest common factor of 512 and 16.
16
Calculate the greatest common factor of 38 and 342.
38
Calculate the highest common divisor of 11 and 1364.
11
What is the highest common factor of 228 and 12?
12
Calculate the highest common factor of 1912 and 152.
8
What is the greatest common divisor of 1062 and 180?
18
What is the greatest common factor of 36 and 300?
12
Calculate the greatest common factor of 15 and 165.
15
Calculate the highest common factor of 231 and 77.
77
What is the highest common factor of 60 and 180?
60
Calculate the highest common factor of 535 and 3103.
107
Calculate the greatest common divisor of 836 and 704.
44
Calculate the highest common factor of 18765 and 15.
15
Calculate the greatest common divisor of 4888 and 13.
13
Calculate the greatest common divisor of 37 and 5.
1
Calculate the highest common factor of 7218 and 18.
18
What is the highest common factor of 388 and 97?
97
What is the highest common divisor of 3186 and 54?
54
What is the greatest common factor of 7 and 140?
7
What is the greatest common divisor of 153 and 102?
51
What is the highest common factor of 129 and 13330?
43
Calculate the highest common divisor of 404 and 4.
4
What is the greatest common divisor of 22 and 814?
22
Calculate the highest common factor of 256 and 40.
8
What is the greatest common factor of 306 and 126?
18
What is the highest common factor of 261 and 5829?
87
Calculate the greatest common divisor of 52318 and 14.
14
What is the highest common factor of 460 and 46?
46
Calculate the highest common factor of 3283 and 49.
49
What is the greatest common divisor of 324 and 4?
4
Calculate the highest common factor of 1470 and 30.
30
What is the highest common factor of 100 and 200?
100
Calculate the highest common factor of 60 and 1215.
15
Calculate the highest common factor of 9 and 2259.
9
What is the highest common factor of 1095 and 6351?
219
What is the greatest common factor of 546 and 130?
26
What is the highest common divisor of 1700 and 150?
50
Calculate the highest common divisor of 80 and 48.
16
Calculate the greatest common divisor of 2875 and 92.
23
Calculate the highest common divisor of 1066 and 91.
13
Calculate the highest common divisor of 682 and 62.
62
Calculate the greatest common divisor of 45 and 135.
45
Calculate the highest common factor of 598 and 230.
46
Calculate the highest common divisor of 741 and 13.
13
Calculate the highest common factor of 32 and 1264.
16
Calculate the highest common factor of 172 and 60.
4
Calculate the highest common divisor of 26 and 91.
13
Calculate the highest common divisor of 1192 and 136.
8
Calculate the highest common divisor of 12 and 708.
12
What is the greatest common divisor of 6 and 16?
2
What is the greatest common divisor of 87 and 1189?
29
What is the highest common factor of 42 and 3738?
42
Calculate the highest common factor of 16461 and 93.
93
Calculate the highest common factor of 196 and 140.
28
What is the greatest common divisor of 4700 and 250?
50
What is the highest common divisor of 85 and 7361?
17
What is the greatest common factor of 1683 and 88?
11
What is the highest common divisor of 483 and 207?
69
What is the highest common divisor of 98 and 4067?
49
Calculate the greatest common factor of 312 and 4602.
78
What is the greatest common factor of 527 and 403?
31
What is the greatest common factor of 772 and 65234?
386
Calculate the